 + 9/(-6))*l. What is x(d)?
5
Let h(z) = -3 - 3*z**2 + 4 - 2 + 3*z + 2*z**2. What is h(3)?
-1
Suppose 16 = -4*o - 24. Let p = -1 - o. Suppose p*l - 4*l = -25. Let z(b) = b**2 + 3*b - 4. Determine z(l).
6
Let u(w) = w**3 - w**2 - 6. Let g be (-1 - 1) + 4/2. Give u(g).
-6
Let t(i) = -3*i + 41. Let x be t(15). Let r(c) = 1 + c**3 + 3 - 3*c - 6 + 3*c**2. Give r(x).
-6
Let u(j) = 2*j**2 + 4*j + 2. Suppose 2*z + 0 = 4*g + 8, 0 = -z. Calculate u(g).
2
Suppose 4*p + 26 = -2*i + 7*i, i + 2 = 0. Let c(w) = w**3 + 8*w**2 - 11*w - 8. Calculate c(p).
10
Let b(r) = -r**2 + 2*r + 3. Suppose 2*a - a = 5*w + 9, 0 = 4*w + 5*a + 13. Determine b(w).
-5
Let v(w) be the second derivative of w**5/20 - w**4/3 + w**3/6 - 9*w. Give v(3).
-6
Let x = 3 + -2. Let q(u) = 4*u + u**2 + u**3 - x - 4*u**2 - 2*u**2. Let s = -7 + 10. Give q(s).
-7
Let d(n) be the third derivative of n**5/60 - n**4/6 - n**3/6 + 9*n**2. Let k be -1*(3 + (-18)/3). Give d(k).
-4
Let z be -1 + -1 + (-18)/(-3). Suppose 6*o + s = o, -2*s - 14 = -z*o. Let c(x) = -x - o + 3*x**2 - 3*x + 5*x. Determine c(1).
3
Let u(f) = 19*f + 3. Let r(g) = 7*g + 1. Let h(j) = 11*r(j) - 4*u(j). Suppose -5*z + 11 = -19. Determine h(z).
5
Let x = 7 - 4. Let z(m) = -2*m - m + 2*m - m**2 + 8*m**x + 1. Let h(k) = -8*k**3 + 2*k**2 + k - 2. Let y(s) = -2*h(s) - 3*z(s). Give y(-1).
7
Let w(d) be the second derivative of d**3/3 + d**2/2 + 159*d. Let x = -15 - -8. Let o = x + 4. Calculate w(o).
-5
Suppose 20 = -3*z + 4*v, 0 = -z - 0*z + 4*v - 12. Let w = -4 + 8. Let g(b) = -b**3 - 3*b**2 + 8*b + 1. Let r(a) = a + 1. Let x(f) = w*r(f) - g(f). Give x(z).
3
Let s = 60 + -69. Let b(o) = -o**3 - 8*o**2 + 8*o - 12. Give b(s).
-3
Let u(y) = y**2 + 5*y - 8. Let f(r) = -2 + 1 + 0. Let i(n) = -2*f(n) + u(n). What is i(-6)?
0
Let h = 14 - 9. Let k(l) = -3*l - 1. Let t(g) = -7*g - 1. Let d(n) = h*k(n) - 2*t(n). Suppose 10 = -5*b + 5*i - 25, i = 4*b + 22. Calculate d(b).
2
Let p(q) = -q + 7. Suppose 8 = -5*m - 17. Let z = -5 - m. Suppose -3*g = -2*k - z*k - 14, 11 = 2*g - 3*k. Determine p(g).
3
Let g(z) = -12*z + 12 + 4*z - 8*z. Let c(s) = -s + 1. Let r(x) = 12*c(x) - g(x). Let t = -4 + 5. What is r(t)?
4
Let x be 4/6 - 2/3. Let o be 1 + ((-6)/3)/(-1). Suppose x = -o*k + k. Let m(p) = -p**3 + p**2 + 6. Give m(k).
6
Let o(f) = -f**3 - 6*f**2 - 6*f. Let t be o(-5). Let m(p) be the first derivative of p**3/3 - 5*p**2/2 - 5*p - 17. Calculate m(t).
-5
Suppose 0*j = 3*j - 36. Suppose -2 = 2*k + 5*d - j, 2*k + 4*d - 10 = 0. Let a(v) = v**2 - 3*v - 5. Give a(k).
5
Suppose -m + 2*x = -13, -m + 24 = 3*m - x. Suppose 10 = 2*g, 0 = m*k + 2*g - 0*g. Let i(p) = -14*p + 6*p + 3 + 10*p - 4. Calculate i(k).
-5
Let d = -36 - -41. Let b(z) = z**3 - 6*z**2 + 5*z - 6. What is b(d)?
-6
Let v(g) be the third derivative of -g**7/2520 + g**6/90 - g**5/6 - 4*g**2. Let k(t) be the third derivative of v(t). Calculate k(7).
-6
Let d(q) = -q**2 - 2*q - 1. Let i be 6/(-9) + (-2)/6. Let y(r) = -3*r**2 - 2*r - 1. Let b be y(i). Give d(b).
-1
Let t(a) = 0*a + 119 - 120 - 3*a. Calculate t(-3).
8
Let s(l) = l**2 + 3*l - 2. Let p = -13 + 10. Let y be s(p). Let o(b) = 2*b**2 + 4*b + 3. Determine o(y).
3
Let m(p) be the third derivative of -p**9/60480 + p**8/2880 - p**7/5040 - p**6/360 + p**5/60 + p**2. Let h(i) be the third derivative of m(i). What is h(7)?
-9
Let k(g) be the second derivative of g**4/12 - g**3/2 - 3*g**2/2 + 17*g. Calculate k(-2).
7
Suppose 33 = -4*s - 5*f, s = f - 2*f - 7. Let v(k) = k**2 - k + 2. Calculate v(s).
8
Let w(m) = 2*m + 7. Suppose 4*u + 39 = u. Let d = u + 18. Suppose -2*z - d = 5. Determine w(z).
-3
Let q(m) = -m**2 + 7*m - 5. Let h be q(5). Let l(g) be the third derivative of 1/120*g**6 - 1/15*g**5 + 0 + 5/6*g**3 + 0*g + 2*g**2 - 7/24*g**4. Determine l(h).
-5
Suppose 12*t + 38 = -10. Let b(c) = -c**3 - 4*c**2 - 5*c + 3. Calculate b(t).
23
Let m(o) = o**3 - 4*o**2 + 5*o - 4. Let b(l) = -l**2 + 6*l - 2. Let j be b(5). Suppose -v + j*v - 6 = 0. What is m(v)?
2
Let b(i) = -i**3 + 3*i**2 - i - 2. Let r(f) be the third derivative of f**5/30 - 4*f**2. Let m be (-1)/(-1)*2 + -1. Let n be r(m). Determine b(n).
0
Let g(k) be the third derivative of k**4/12 - 7*k**3/6 + 18*k**2 + k. Calculate g(5).
3
Suppose -2*j - 3*k + 6 = 0, 3*j = -j + 2*k + 12. Let g(h) = -3*h + 2*h**j + 3 - 6 + 5 - 2*h**2. Determine g(2).
4
Let r(q) = q**3 - q**2 + 2. Suppose 5*o = 8*o. Suppose -2*m = -o*m + 3*p - 19, -5*m + 2*p = 0. What is r(m)?
6
Let w(k) = 3*k**2 - k + 3. Let y(v) = -v**2 - 1. Let n(b) = -w(b) - 5*y(b). Determine n(-2).
8
Suppose 2*q - 4*p + 1 = -1, 3 = q - 4*p. Let n(t) = -t + 5. Suppose 2*g + 6 = -g. Let m(i) = 6*i - 25. Let c(s) = g*m(s) - 11*n(s). Give c(q).
0
Let y(c) = -c**3 + c + 1. Let p = -24 + 37. Let w = p - 11. Give y(w).
-5
Let b(i) = 4 - 1 - 2 - i. Let c be (3*2/12)/(1/6). Let z(p) = -9*p + 9. Let a(t) = c*z(t) - 24*b(t). Calculate a(3).
-6
Let c(u) = 3*u. Suppose 4*n + 1 = -11. Calculate c(n).
-9
Suppose 8 = -4*n - 20. Let u = 5 + n. Let h(l) = -l. What is h(u)?
2
Let l(x) = x**2 + x - 8. Suppose -5*w - 2*v = -4*w - 6, -9 = 2*w - 3*v. What is l(w)?
-8
Let m(j) be the third derivative of -j**5/60 - 5*j**4/24 - 2*j**3/3 + 3*j**2. Determine m(-4).
0
Let p(i) = i**2 - 3*i + 4. Let w be -3*((-12)/9 + 0). Suppose -w = -r, 0*o + o + r = 12. Let h be o - 2 - 1*2. What is p(h)?
8
Let o = 3 - 5. Let y be (1/(-2))/(o/8). Let l be (-5)/y*(-1 + -1). Let z(d) = d**2 - 6*d - 2. Give z(l).
-7
Let s(a) = -a**3 - 8*a**2 - 11*a + 8. Let h be s(-6). Let w(d) = -3*d**2 + 3*d. Determine w(h).
-6
Let i(y) = 3*y**2 + y - 1. Suppose -13 = 6*b - 1. What is i(b)?
9
Let v(i) = -i**3 + 7*i**2 - 5*i - 4. Let w be v(6). Let r(g) = -1 - 1 - 2*g**2 + 2*g + g**3 + g**w. Give r(2).
6
Let s(z) be the second derivative of z**5/60 - z**2/2 - z. Let f(l) be the first derivative of s(l). Suppose 0 = 2*g - 3*g - 2. What is f(g)?
4
Let u(a) = -2*a**2 - 2*a + 3. Let f(z) = -3*z**2 - 5*z + 6. Let l(x) = -3*f(x) + 5*u(x). Let o = 18 + -26. Let v = -5 - o. Calculate l(v).
3
Let z be 20/11 + 22/121. Let c(f) = f**2 - 3*f + 3. Give c(z).
1
Let i(n) = n**3 + 6*n**2 + 4*n + 9. Let q be i(-6). Let d = q - -16. Let t(a) = 3*a + 1. Let r(c) = c. Let g(v) = 4*r(v) + t(v). Calculate g(d).
8
Let z(a) be the second derivative of a**4/12 - a**3/2 - 2*a**2 - 27*a. What is z(6)?
14
Let d(p) be the first derivative of p**4 + 4*p**3/3 + 3*p**2/2 + p + 2. What is d(-2)?
-21
Suppose -5*w - 1 = -4*w. Let z(g) = -3*g**3 + g**2. Let a be z(w). Let t(o) = o**3 - 4*o**2 + 2*o - 6. Let x be t(a). Let m(y) = -y**2 + 2*y - 2. What is m(x)?
-2
Suppose 2*t - 2*n - 10 = 0, n = -n. Let r(z) = -6*z**2 + 11*z - 3. Let x(u) = 7*u**2 - 13*u + 5. Let b(i) = -6*r(i) - 5*x(i). What is b(t)?
13
Let r = 37 - 26. Suppose -r = -5*q - 1. Let o(u) = 2 - 3 - u**3 + 0*u + 5*u**q + 2 + u. Calculate o(5).
6
Let h(f) = -2*f + 1. Let n be (-36)/30 - 12/15. Determine h(n).
5
Suppose -1 - 3 = -q. Suppose 2*h - v - 5 = 0, q*v = -4*h - v - 11. Let g(a) = -4*a**2 - 2*a + 1. What is g(h)?
-5
Let v(f) = -5*f**3 + f**2 - 1. Suppose 5*a = b, -2*a + 21 = -3*a - 4*b. Let j(r) = 2*r**2 + r. Let k be j(a). Give v(k).
-5
Let x(r) = r**3 - 6*r**2 + 2*r - 5. Let u be x(6). Let m be u + (-4)/4 - 2. Let a(z) = z**3 - 5*z**2 + 6*z. Give a(m).
8
Let h(i) be the third derivative of i**4/12 + 3*i**3/2 + 3*i**2. Give h(-7).
-5
Let l(v) be the first derivative of -v**2/2 + 3*v + 2. Let w(a) = a + 2. Let h be w(0). Give l(h).
1
Let t = 37 + -42. Let f(p) = -5*p**2 - 2 - p**3 + 0*p**2 + 8. Give f(t).
6
Let x = 27 - 21. Let b(i) = -2*i + 7. What is b(x)?
-5
Let b(o) = 7*o**2 + 5*o. Let f(j) = 6*j**2 + 4*j. Let u(s) = 3*b(s) - 4*f(s). Determine u(1).
-4
Let s(m) = 3*m + 5 + 15*m**2 + 0*m**3 - 2*m - 11*m**2 + m**3. Calculate s(-5).
-25
Let u(m) = -m**2 + 5*m + 1. Let y(z) = -z - 4. Let t be y(0). Let o(a) = -4*a - 3. Let c be o(t). Let v = -9 + c. Give u(v).
5
Let s(r) = r**2 - 5*r. Let n(g) be the first derivative of -g**4/4 - 3*g**3 - 9*g**2/2 - 3*g + 3. Let l be n(-8). Determine s(l).
0
Let x be ((-2)/4)/((-1)/(-8)). Let k(d) = 5*d**2 + 5*d - 4*d**3 + 5*d**3 + 6 - 2. Determine k(x).
0
Suppose 3*n = -0*c + 3*c - 12, -2*n = 4*c - 16. Let s be (-84)/(-15) + c/10. Let p(w) = -9*w + s - 6. Give p(-1).
9
Let c(j) be the second derivative of j**4/12 + 2*j**3/3 - 7*j**2/2 -